{"id":7049,"date":"2025-04-09T11:26:31","date_gmt":"2025-04-09T09:26:31","guid":{"rendered":"https:\/\/www.nunasvaara.se\/?page_id=7049"},"modified":"2025-04-26T22:12:03","modified_gmt":"2025-04-26T20:12:03","slug":"sprid-information","status":"publish","type":"page","link":"https:\/\/www.nunasvaara.se\/index.php\/sprid-information\/","title":{"rendered":"Sprid information"},"content":{"rendered":"\n<p>Genom att sprida information om hur en grafitgruva p\u00e5verkar naturen till organisationer, privatpersoner, f\u00f6retag, finansi\u00e4rer och andra s\u00e5 hoppas vi att fler ska se hur viktig Nunasvaara natur \u00e4r f\u00f6r inte bara lokalbefolkningen, men \u00e4ven f\u00f6r djurlivet och artrikedomen som riskerar att f\u00f6rsvinna i och med en nyetablerad gruva. Sprid information du med!<\/p>\n\n\n\n<p><br>Ladda ner informationsblad eller affischer f\u00f6r att st\u00f6tta oss i v\u00e5r kamp f\u00f6r en ren natur<\/p>\n\n\n\n<p><\/p>\n","protected":false},"excerpt":{"rendered":"<p>Genom att sprida information om hur en grafitgruva p\u00e5verkar naturen till organisationer, privatpersoner, f\u00f6retag, finansi\u00e4rer och andra s\u00e5 hoppas vi att fler ska se hur viktig Nunasvaara natur \u00e4r f\u00f6r inte bara lokalbefolkningen, men \u00e4ven f\u00f6r djurlivet och artrikedomen som riskerar att f\u00f6rsvinna i och med en nyetablerad gruva. Sprid information du med! Ladda ner &hellip; <\/p>\n<p class=\"link-more\"><a href=\"https:\/\/www.nunasvaara.se\/index.php\/sprid-information\/\" class=\"more-link\">L\u00e4s mer<span class=\"screen-reader-text\"> \u201dSprid information\u201d<\/span><\/a><\/p>\n","protected":false},"author":2,"featured_media":0,"parent":0,"menu_order":0,"comment_status":"closed","ping_status":"closed","template":"","meta":{"footnotes":""},"class_list":["post-7049","page","type-page","status-publish","hentry"],"_links":{"self":[{"href":"https:\/\/www.nunasvaara.se\/index.php\/wp-json\/wp\/v2\/pages\/7049","targetHints":{"allow":["GET"]}}],"collection":[{"href":"https:\/\/www.nunasvaara.se\/index.php\/wp-json\/wp\/v2\/pages"}],"about":[{"href":"https:\/\/www.nunasvaara.se\/index.php\/wp-json\/wp\/v2\/types\/page"}],"author":[{"embeddable":true,"href":"https:\/\/www.nunasvaara.se\/index.php\/wp-json\/wp\/v2\/users\/2"}],"replies":[{"embeddable":true,"href":"https:\/\/www.nunasvaara.se\/index.php\/wp-json\/wp\/v2\/comments?post=7049"}],"version-history":[{"count":2,"href":"https:\/\/www.nunasvaara.se\/index.php\/wp-json\/wp\/v2\/pages\/7049\/revisions"}],"predecessor-version":[{"id":7265,"href":"https:\/\/www.nunasvaara.se\/index.php\/wp-json\/wp\/v2\/pages\/7049\/revisions\/7265"}],"wp:attachment":[{"href":"https:\/\/www.nunasvaara.se\/index.php\/wp-json\/wp\/v2\/media?parent=7049"}],"curies":[{"name":"wp","href":"https:\/\/api.w.org\/{rel}","templated":true}]}}